) + -34.
55
What is -3 + 12 + (43 - 15 - 26)?
11
Calculate 48 - (-42 + 161 + -43).
-28
-27 - (54 + -45 + (-2 - 4) + -13)
-17
161 - (-55 - -234) - (-1 + (1 - -54))
-72
(4 + 3 - 0 - (-166 - -172)) + (-72 - -101)
30
Evaluate (30 - (-53 + 39) - (3 + 0)) + 12.
53
Evaluate -20 + (14 - -8) + 3 - (0 - -54).
-49
What is (-28 - (0 - -9)) + (6 - -12) - 4?
-23
What is the value of 109 - (-99 + -5 + 253)?
-40
-27 + (-22 - 6) + 57
2
What is the value of 104 - 4 - (-19 + (15 - (12 + -36)))?
80
(-46 - (-46 - -10)) + (1 - 39) + -9
-57
44 - 17 - -16 - 68
-25
Calculate (45 - (12 + -33 + 14)) + -33.
19
-5 - ((1 - 2) + (-11 - (-21 + 17))) - 4
-1
What is the value of (101 - 12) + -695 + 737?
131
What is the value of (22 - 0) + 12 + -28 + 16?
22
What is the value of -45 + 59 + 0 + -27 + -11?
-24
Calculate 12 - (9 + (5 - 2) + -13 + 110 + 0).
-97
What is (-25 - (-132 - -33)) + -154?
-80
Evaluate (-11 - 20) + -31 + 12.
-50
Calculate -14 - (5 - (10 + -4) - (2 - 1 - 2)).
-14
What is 2113 + -2110 + 73 + (0 - 2)?
74
What is the value of 3 + -123 - (170 - 178) - -43?
-69
What is -76 - -21 - (-127 + 76)?
-4
Calculate -1750 + 1752 + (-28 - (-1 + -1)).
-24
What is the value of 87 - (145 + -168 - (-2 - 4))?
104
What is 1 + (1 - 13) - (-72 + -36 + 35)?
62
Calculate -58 + 4 + 679 + -695.
-70
What is the value of 28 - 21 - ((0 - -10 - (-44 - -101)) + 8)?
46
What is 2 + -6 + -3 + 25 + (-10 - 14)?
-6
Evaluate (2 - (4 + 13)) + (-28 + 40 - (-1 + 50)).
-52
What is the value of -46 + 9 + 31 - -55?
49
Evaluate -34 + (-12 - -30) + 1 + -56 + 2.
-69
Calculate -6 - (-15 - -24 - (-87 - (-18 - -12) - 12)).
-108
-2 - 3 - ((7 - (2 + -13)) + 3 + 3)
-29
What is the value of -5 - (2 + -4) - (36 - (14 + (28 - 56)))?
-53
Calculate (87 - (0 - (-1 + -11))) + -20 + 9.
64
39 + -60 + 9 + -18 + -57 + 22
-65
Calculate 24 + -32 + (-20 - -16) + (1 - -39).
28
Evaluate 35 - (-78 + 72) - 1.
40
-33 + -25 + 11 + 15 + -17 - 13
-62
What is 59 + -103 + 33 + 29?
18
(176 - 165) + (-2 - 2 - -25)
32
2 + -70 + (-17 + 1 - (-89 + 51 + 9))
-55
(4 - ((0 - (2 - 1)) + 20)) + 30 + -35
-20
Evaluate (-168 - -208) + 5 + -41 - 13.
-9
What is the value of (19 - 11) + -4 - (-65 - (-1 - 5))?
63
Calculate 2 - 79 - (196 - 239).
-34
Calculate (-4 - -9) + -79 + 91 + 16.
33
Evaluate -10087 - -10033 - (-4 + 1 + -1).
-50
-11 - (16 + 6 + (-12 - 3) - 67)
49
What is the value of -136 - -145 - (14 + -11 - 14)?
20
What is (-7 + -14 + 12 + -6 - -6) + 8?
-1
0 - (19 + (64 - 40) + -2 + 19)
-60
72 - (-23 + -5 + -17 + 43 + 20)
54
What is (59 - 4) + 16 + -28 + -5 + 9?
47
What is the value of 5 + -29 + 57 + -16 + 7?
24
Calculate -64 - ((-41 - 54) + -42).
73
Calculate (32 - (34 + 6)) + 13.
5
Calculate (-46 - -25) + (37 - 11) - (10 + -1).
-4
Calculate -12 + (-38 - 15) + (-12 - 4 - (-16 + 11)).
-76
Evaluate -13 + -1 + 54 + (66 - 103) - 47.
-44
(97 - -140 - 122) + (11 - 0)
126
(3 - -1) + -9 + 329 + -338
-14
Evaluate 8 + (-76 - (-2 - (15 + 15 + -13))).
-49
Evaluate -24 + (-24 - (-8 - 58 - 1)).
19
Calculate -24 + (-26 - ((-22 - -19) + -115)).
68
Calculate 249 + -240 - -64 - (2 + 9).
62
Evaluate 2 + 0 + (-15 + -10 + 11 - (1 - -10)).
-23
Evaluate -33 + 2 + -28 - -43.
-16
What is 7 - 7 - ((-4 + 5 - 17) + 7 - -3)?
6
What is the value of 11 - (81 + -53 + 28)?
-45
164 + -207 + -95 + 38
-100
(24 - 39 - 14) + (-1 + 2 + -1 - -1)
-28
What is the value of (-10 - 7) + (-2 + -8 - -20)?
-7
What is the value of 9 + -100 + 12 + 12 + 6 + -12 + 5?
-68
Calculate -25 - -5 - -37 - 10.
7
What is 1 + -4 - -44 - (-239 + 253)?
27
(0 - 4) + -6 + (-309 - -320 - (41 - 2))
-38
-1 + 3 + (-9 - (13 + -1 + -19)) - -105
105
Calculate 1 + -10 - (1 - 31 - -3 - (1714 + -1732)).
0
Calculate 75 + 15 + -91 + -29.
-30
What is -2 - (20 + (-38 - -11) + 45)?
-40
What is (150 - 118) + (0 - 35)?
-3
Evaluate 107 + (67 - (191 - 112)).
95
Calculate -251 - -296 - (1 + (3 - 8) + -2 + 2).
49
(0 - (-3 - 3) - (26 - 35)) + -6
9
What is the value of 46 + (119 + -124 - (1 + -1 + 0))?
41
Calculate (0 - -16) + -28 - (11 - (-59 + 22)).
-60
Calculate (-9 - (-24 - -3)) + (39 + -3 - -20).
68
Calculate 38 - (16 + (-9 - -4) + -13 + (-1 - -1)).
40
10 + (-16 - 3) - 1 - (-11 - -39)
-38
What is the value of 10 - 3 - ((18 + -19 - 7) + 17 + -2)?
0
Calculate -15 - (8 + -10 + -11 - -35).
-37
Calculate -108 - (-4 - -9) - (65 + -19 - 34).
-125
Calculate 0 + 6 + -12 + (-15 - -14 - 0) + 2.
-5
What is the value of -2 + (8 - 1) - (30 + 3 + (30 - 33))?
-25
What is 52 + (60 + -21 - 59) + 70?
102
Calculate (-9 - (2 - 6) - -6) + (-5 - -2) + -6.
-8
Calculate (-27 - (4 - 40)) + 13.
22
Evaluate -51 + 3 + 52 + 12 + (-6 - -15).
25
Evaluate 23 + (0 + 112 - (3335 + -3348)).
148
Evaluate 45 + -38 - 16 - (-2 - -4 - 26).
15
What is 19 + (-69 - -41 - (8 + -43))?
26
Evaluate (0 - 105) + (-4906 - -5130).
119
What is the value of 11 + -30 + 11 + 10 - -1?
3
What is the value of 15 - -14 - (13 - 3 - (-4 + -2 - -8))?
21
What is -103 + 144 - (-10 + -4 + -7)?
62
Evaluate (106 - 84) + -12 - (0 + 2 - -107 - -3).
-102
(161 + -148 - (7 + -1)) + -13 + -50
-56
Evaluate -14 + (-13 - -29) - ((-2 - 32) + 0).
36
Calculate 30713 + -30643 - (1 - -49).
20
(29 - -1) + (-650 - -685) + -2 + -8
55
What is the value of 50 - (21 + (-73 - (-34 - -3)))?
71
Calculate 24 + (32 - 44) - -34.
46
What is -5 - (2 - 3) - (16 - -35 - 54)?
-1
Evaluate 16 + -7 + -4 - (-6 - -1 - 10).
20
Calculate 610 + -655 + (13 - 4).
-36
65 + -61 - (8 - (10 - 10))
-4
Evaluate 2317 + -2249 + (0 - 49).
19
Evaluate -59 + 0 - (26 + 68 + -83).
-70
What is the value of 43 + -1 + -55 + (-26 - -72)?
33
What is (2 - 16 - (-69 - 31 - -123)) + 7 + 2?
-28
What is -65 - (-45 - 52 - -55)?
-23
-3 + 1 + 12 - (50 - (26 - -35))
21
Calculate (16 - -16 - 90) + 30.
-28
Calculate (0 - -2 - (5 - -12 - 14)) + 22.
21
(-166 + 52 - -34) + -5 + 10 + -5
-80
What is the value of 17 + -13 - 94 - (67 + -68)?
-89
Calculate 45 + (8 - (46 - 29)).
36
-20 - (1 + (-38 - 16)) - 5
28
Calculate (-1 - (-8 + 0 - -7)) + (-33 - -18).
-15
What is -46 - (-18 + (3 - 4)) - 3?
-30
Calculate 2 + (7 - (2 - -1 - (36 + -60))).
-18
What is the value of -12 - (-71 + 45 + 6)?
8
What is -51 - (-22 + 37 + 5)?
-71
Calculate 0 - (9 - (7 + 4 - 13)) - (-2 - -5).
-14
Calculate (104 - 80) + 8 + (5 - -11).
48
(12 + -8 + -43 + -1 - -5) + 1 + 3
-31
116 + -127 + (-8 - 0 - 3)
-22
What is the value of 11 - 27 - ((-16 - -35 - (3 - -2)) + 12)?
-42
What is (34 - -4) + -50 + 9 + -89?
-92
Evaluate 3 - 7 - (-2 + 9 - (1 - -10 - -66)).
66
Evaluate -7 - -7 - (-96 + 74 + -55).
77
42 + -46 + 0 + 20 + -115 + 23
-76
Calculate 94 + -6 + (-6 - (36 - 69)).
115
What is (-39 - (5 - 18) - -109) + (-4 - -1)?
80
What is -10 + -1 + (64 - (-8 + (-8 - -24) - -1))?
44
Calculate 30 - 0 - (-118 - -171) - (2 - -100).
-125
Calculate (10 - (10 + -5)) + -19 + 11 - -49.
46
What is the value of 16 + (-38 - (-21 + (-3 - -5))) - (-13 + 2)?
8
What is the value of 0 + 26 - ((-72 - -33) + 42)?
23
Evaluate -8 + (1 - 2) + 5 + -47 + (-79 - -77).
-53
Evaluate (-17 - ((-15 - 9) + -105)) + -25.
87
129 - (38 - -81) - (24 - 0)
-14
What is the value of -139 - (-66 - (-3 + 39))?
-37
What is the value of (-71 - 1) + (52 - 1) + -17?
-38
-22 + -1 - ((2 - -4) + 17 + -17)
-29
What is 5 - (11 + (4 - (12 - (2 + 0))))?
0
What is (20 + -52 - -45) + -14?
-1
-35 + -6 + -16 + (-29 - -81)
-5
-9 + -15 + 62 - (-1 + (0 - -5) + -15)
49
Evaluate 7 - 7 - -2 - (-1 + -10) - 12.
1
What is 8 + 1 - (-77 + 62 - (27 + -1))?
50
-65 + (3 - 6) - (-24 + (11 - -3))
-58
What is the value of 123 - 77 - 76 - 105?
-135
Calculate -12 + 6 + (1 + 2 - (58 - 45) - -4).
-12
(-94 - -52) + 66 + 11
35
(11 - 22) + -5 + 5 + 11 + 38
38
What is the value of -2988 + 3008 - (0 + 68)?
-48
Evaluate 6 + 11 + -4 - (8 + 6 + 8) - 25.
-34
Calculate 90 + (-130 - -90) + -181.
-131
What is the value of 17 + (16 - (2 + (-27 - -4)))?
54
What is 2 + (17 - -9) + -25 + (36 - -2) + -9?
32
-9 + (-44 - -15) + 31 - 40
-47
What is 589 + -701 + 1 + 2 + -18?
-127
What is the value of 25 + (6 + -5 - (13 + (9 - 11)))?
15
Evaluate -1 + 24 + 63 + -140 + 80.
26
Calculate (7 - (-3 + 2)) + ((31 - -1) + -3 - -10).
47
Evaluate (-5 + 3 + -2 - 6) + (-155 - -157).
-8
Evaluate -175 - -82 - -82 - -7.
-4
Evaluate 16 + 4 + (-4 - 15) - (-7 - (1 + -6)).
3
What is the value of 17 + 62 + 9 + 14?
102
Calculate (3 - 0) + 6 + -5 + 1170 + -1201.
-27
Evaluate -9 + -7 + (1 - -7) + 6 - 15.
-17
Evaluate -30 - ((24 - (